{"id":229,"date":"2021-03-26T13:58:29","date_gmt":"2021-03-26T13:58:29","guid":{"rendered":"https:\/\/cenes.com.co\/?page_id=229"},"modified":"2021-06-07T15:44:22","modified_gmt":"2021-06-07T15:44:22","slug":"resultados-estudios","status":"publish","type":"page","link":"https:\/\/cenes.com.co\/?page_id=229","title":{"rendered":"Resultados Estudios"},"content":{"rendered":"<p>&nbsp;<\/p>\n<p style=\"text-align: left;\">Para consultar los resultados debe seguir los siguientes pasos:<br \/>\n<b>1-<\/b> Ingrese en No. de identificaci\u00f3n su n\u00famero de c\u00e9dula.<br \/>\n<b>2-<\/b> Ingrese en C\u00f3digo el n\u00famero otorgado por el consultorio m\u00e9dico.<br \/>\n<b>3-<\/b> Presione el bot\u00f3n Ingresar<\/p>\n<p><a href=\"https:\/\/cenes.com.co\/?page_id=59\">Haga clic aqu\u00ed<\/a> caso de error en su estudio o solicitarlos al correo electr\u00f3nico en caso de no falla en el sistema<\/p>\n<p style=\"text-align: left;\">\n<p style=\"text-align: left;\"><iframe style=\"position: absolute; width: 75%; height: 2000px; border: none;\" src=\"https:\/\/cenes.com.co\/login.php\"><\/iframe><\/p>\n","protected":false},"excerpt":{"rendered":"<p>&nbsp; Para consultar los resultados debe seguir los siguientes pasos: 1- Ingrese en No. de identificaci\u00f3n su n\u00famero de c\u00e9dula. 2- Ingrese en C\u00f3digo el n\u00famero otorgado por el consultorio m\u00e9dico. 3- Presione el bot\u00f3n Ingresar Haga clic aqu\u00ed caso de error en su estudio o solicitarlos al correo electr\u00f3nico en caso de no falla [&hellip;]<\/p>\n","protected":false},"author":2,"featured_media":0,"parent":0,"menu_order":0,"comment_status":"closed","ping_status":"closed","template":"","meta":{"footnotes":""},"class_list":["post-229","page","type-page","status-publish","hentry"],"_links":{"self":[{"href":"https:\/\/cenes.com.co\/index.php?rest_route=\/wp\/v2\/pages\/229","targetHints":{"allow":["GET"]}}],"collection":[{"href":"https:\/\/cenes.com.co\/index.php?rest_route=\/wp\/v2\/pages"}],"about":[{"href":"https:\/\/cenes.com.co\/index.php?rest_route=\/wp\/v2\/types\/page"}],"author":[{"embeddable":true,"href":"https:\/\/cenes.com.co\/index.php?rest_route=\/wp\/v2\/users\/2"}],"replies":[{"embeddable":true,"href":"https:\/\/cenes.com.co\/index.php?rest_route=%2Fwp%2Fv2%2Fcomments&post=229"}],"version-history":[{"count":18,"href":"https:\/\/cenes.com.co\/index.php?rest_route=\/wp\/v2\/pages\/229\/revisions"}],"predecessor-version":[{"id":231,"href":"https:\/\/cenes.com.co\/index.php?rest_route=\/wp\/v2\/pages\/229\/revisions\/231"}],"wp:attachment":[{"href":"https:\/\/cenes.com.co\/index.php?rest_route=%2Fwp%2Fv2%2Fmedia&parent=229"}],"curies":[{"name":"wp","href":"https:\/\/api.w.org\/{rel}","templated":true}]}}